the units digit of x?
6
Let b = -49241 - -70713. What is the tens digit of b?
7
Suppose 4*f + 8*u - 3*u + 19 = 0, -4*u - 14 = 3*f. Let x(o) = -25*o + 3. Let l(q) = 50*q - 7. Let i(k) = f*l(k) - 11*x(k). What is the hundreds digit of i(-6)?
1
Suppose 2*f = t - 46314 + 3732, t - 42576 = 5*f. What is the thousands digit of t?
2
Let f(s) = -s**2 - 4*s + 9. Let w be f(-5). Let h be -11*(w - 0 - 8). Suppose -4*i = 2*m - h, -m = 2*m + i - 61. What is the units digit of m?
0
Let q(b) be the first derivative of b**4/4 - 3*b**3 - 3*b**2 + 3*b - 15. Let w be q(10). Let m = w + 60. What is the units digit of m?
3
Let g = 177 - 269. What is the tens digit of g/(-16)*(8 - -60)?
9
Let n = 5962 - 3098. What is the units digit of n?
4
Let w = 14532 - -27276. What is the tens digit of w?
0
Let h(i) be the second derivative of i**5/20 + 7*i**4/12 - 7*i**2/2 + 9*i + 14. Let s be (2 - 10 - -1) + 2. What is the tens digit of h(s)?
4
Let d(k) = 25*k**2 + 40*k**2 - 221*k + 217*k + 8. What is the tens digit of d(-3)?
0
Let y = 142291 + -94601. What is the units digit of y?
0
Let k(r) = -3*r**2 - 14 + 162*r**2 - 24*r**2 - 7*r. What is the units digit of k(-2)?
0
Suppose 0 = -225*u + 126*u + 3635973. What is the tens digit of u?
2
Suppose 339*z = 326*z + 114777. What is the tens digit of z?
2
Let p = -2350 - -4024. What is the units digit of p?
4
Let w(a) = -9*a**3 + a**2 - 10*a - 43. Let o(q) = -37*q**3 + 5*q**2 - 39*q - 171. Let f(b) = -2*o(b) + 9*w(b). What is the tens digit of f(-4)?
3
Suppose 5*b + 2*f + 442320 = 0, 33*b = 35*b - 4*f + 176928. What is the tens digit of 6/(-10) - b/190?
6
Suppose -35*q - 112866 = -50*q + 35514. What is the hundreds digit of q?
8
Let q(i) = 9147*i**2 - 132*i - 270. What is the ten thousands digit of q(-2)?
3
Let w = 122326 + -70080. What is the hundreds digit of w?
2
Let w(t) = 981*t - 5033. What is the thousands digit of w(18)?
2
Let m(q) = -q**3 + 17*q**2 + 18*q + 5. Let t be m(18). Suppose a = -t*a - 54. Let r = 103 + a. What is the units digit of r?
4
Suppose -27 = 3*r - 15. Let d be (-3)/(r + 1)*5. What is the hundreds digit of 1/((d/1550)/((-2)/(-5)))?
1
Let t = -434 + 438. Suppose -4*s + 1622 = -3*l, -s + t*l = -232 - 167. What is the hundreds digit of s?
4
Let n(i) be the third derivative of i**6/120 + 17*i**5/60 + 5*i**4/12 + 5*i**3 + 6*i**2. Let d be n(-16). Suppose 0*k + d = k. What is the tens digit of k?
2
Suppose -9*d - 4*q + 65020 = -5*d, q + 81293 = 5*d. What is the thousands digit of d?
6
Let t(j) = 2*j - 2. Let h be t(2). Suppose -769 - 722 = -3*m. Suppose 53 = -h*x + m. What is the tens digit of x?
2
Let p = -177 - 558. What is the hundreds digit of -2 + (2 - p) - 6?
7
Let h = 53261 - 11082. What is the thousands digit of h?
2
Suppose -s - 4 = 0, 5*s + 4663 + 7237 = 3*q. What is the thousands digit of q?
3
Let z(s) = 6*s**2 + 14*s + 589. What is the ten thousands digit of z(40)?
1
Let r = 299 + -298. What is the units digit of (-14 + r)*(-69 - -32)?
1
Let m be (-13)/((-52)/6228) - (0 + 1). Suppose 504 = 5*h - m. What is the hundreds digit of h?
4
Let b = 3293 - 968. What is the thousands digit of b?
2
Let a(o) = 3*o**2 - 6*o - 43. Let y be a(-27). Let w = -1308 + y. What is the hundreds digit of w?
9
Let k = -79 - -82. Let w be 3/k - -3 - 3. What is the tens digit of 1 - ((2 + w)/3 + -100)?
0
Let f(g) = 4*g**2 - 6*g - 1. Let k be f(3). Suppose -5*t + 4*v + 1910 = 0, -15*t = -k*t - v + 764. What is the hundreds digit of t?
3
Suppose 2*m + 3*n = 87194, -3*m + 3*n - 51021 = -181842. What is the ten thousands digit of m?
4
Suppose 0 = -22*p + 29*p - 35. What is the units digit of (3 - 477/(-21))/(p/70)?
0
Let g = 29 - 21. Suppose 4*i - 12 = 3*d, -5*d + 0*d = -2*i - g. Suppose -602 = -i*y - y. What is the tens digit of y?
8
Let i = 104 - 96. Suppose 0 = -3*w - 2*f + i, 2*w + 5*f + 9 = 29. Suppose w = -6*x - 106 + 562. What is the tens digit of x?
7
Let n(p) = 2578*p - 7425. What is the hundreds digit of n(15)?
2
Let t(s) = -19*s**2 - 2*s + 25 + 76*s**2 - 37*s**2. Let p be t(4). Let r = -152 + p. What is the units digit of r?
5
Let a = 24936 + -10882. What is the tens digit of a?
5
Suppose 108 = 4*v + 752. Suppose 12*c - 582 = 10*c. Let o = v + c. What is the hundreds digit of o?
1
Let n be (-3884)/20 + 1/5. Let a = 302 + n. Suppose -3*o + 72 + a = 0. What is the tens digit of o?
6
Let b(c) = -1. Let x(q) = 24*q + 90. Let u(o) = 28*b(o) + 2*x(o). What is the hundreds digit of u(17)?
9
Let y be 6*(5/(-2))/(-11 - -6). Suppose 0 = -y*q - 155 + 1175. What is the hundreds digit of q?
3
Suppose -388*k - 4485 = -393*k. Suppose -k = -4*z + 147. What is the units digit of z?
1
Let m(q) = -24*q - 37. Let u be m(-4). Suppose -1224 = -u*v + 56*v. What is the tens digit of v?
0
Let d = -106 - -226. Suppose -5*c + 295 = -5*t, -3*t = -2*c - 0*c + d. What is the units digit of c?
7
Let m(a) be the second derivative of a**5/20 - 7*a**4/12 + 13*a**3/6 - 8*a**2 - 28*a + 2. Let v be m(8). What is the tens digit of v/4 + -5 + (1 - 1)?
3
Let n(r) = -63*r**2 - 19*r + 58. Let d be n(3). Let k = d + 817. What is the tens digit of k?
5
Suppose -34*l = -33*l - 604. Let s = l - 76. What is the hundreds digit of s?
5
Let h(i) = -12*i - 3. Let c(z) = -23*z - 5. Let m(t) = -t - 26. Let u be m(-19). Let g(b) = u*h(b) + 4*c(b). What is the units digit of g(-4)?
3
Let f(g) = 2*g**2 + g - 1. Let s(w) = 11*w**2 + 22*w + 49. Let b(l) = -5*f(l) + s(l). What is the units digit of b(-27)?
4
Suppose -13*a + 17139 + 45547 = 0. What is the thousands digit of a?
4
Suppose 0 = -5*u - 15, -6*u + 2*u = 5*g + 12. Suppose -4*l + 11 + 3 = -2*p, p + 2*l + 15 = g. Let k(a) = -a**2 - 19*a - 10. What is the tens digit of k(p)?
7
Let v = -1501 + 7686. What is the units digit of v?
5
Suppose -10 = -7*s - 3. Let z be 2*(-2 - 1) - 1/s. What is the tens digit of z/(28/3) - 502/(-8)?
6
Suppose 330 = 6*h - 0*h. Let l = 27 + h. Suppose l = x - 36. What is the hundreds digit of x?
1
Suppose -137*q - 800 = -127*q. What is the units digit of (5610/(-275))/(-2 - 154/q)?
2
What is the units digit of (-248)/40 + (-52)/65 - -3981?
4
Let r = 201 - 135. Suppose -4*v + 4*x = -472, -r = -v + 4*x + 43. What is the hundreds digit of v?
1
Suppose 79*y - 217968 = -3*o + 80*y, -5*o - 5*y + 363260 = 0. What is the hundreds digit of o?
6
Suppose 0 = 5*n - 43 + 23. Suppose 2*h - h + n*y = 96, 3*h = 3*y + 348. Suppose -4*o - 5*a + 448 = 0, o - 6*a - h = -a. What is the tens digit of o?
1
Let h = -1037 + 2044. Let z = h + -241. What is the tens digit of z?
6
Let r = 19346 + -12830. What is the hundreds digit of r?
5
Suppose -2*w = 2*w - 5*l + 97, 91 = -4*w - l. What is the units digit of 23/w*(-107 - 0) + 1?
8
Let x be 4*(2 - 3) + (15 - 8). Suppose 3*u - 5*j - 247 = 0, 5*u + j - x*j = 380. What is the tens digit of u?
7
Let m(d) = 134*d + 224. Let y(j) = 67*j + 113. Let x(w) = 2*m(w) - 5*y(w). What is the hundreds digit of x(-15)?
8
Let w be (-4)/2*(-21)/14. Suppose -w*q - 2*q = -5*m - 2300, 0 = -5*q - 4*m + 2255. What is the tens digit of q?
5
Let f(h) = -2*h**3 - 5*h**2 + h - 9. Let j be f(-4). What is the units digit of 8772/28 - 10/j?
3
Let c(r) = -10*r**3 - 8*r**2 - 12*r - 11. Let u be 1/2 - (-531)/(-118). What is the hundreds digit of c(u)?
5
Suppose 18 - 3 = -5*m. Let a(j) = -3*j - 6. Let w be a(m). Suppose 3*y = 5*k + 223, w*y + 3*k - 217 = -10. What is the tens digit of y?
7
Suppose -7407 = -t + 2*m, -314*t - 7442 = -315*t - 5*m. What is the units digit of t?
7
Let k = 96216 + -67496. What is the thousands digit of k?
8
Let u = -522 - -546. Suppose -u*z - 9*z + 46530 = 0. What is the tens digit of z?
1
Let q = 85 - 66. Suppose 3*d + q = 25. What is the units digit of d?
2
Let h = -5049 - -9329. What is the tens digit of h?
8
Let o be 1/2*(-2 - 36/(-3)). Suppose 325 = o*x + 4*y, 330 = 4*x + x + 3*y. Suppose -2*z + 7 + x = 0. What is the tens digit of z?
3
Suppose -4*v = -517*h + 512*h + 93330, 5*h - 2*v - 93340 = 0. What is the thousands digit of h?
8
Let o be (0 + (-62)/8)/(1/(-4)). Suppose -o = -5*t - 2*w, 4*w = -5*t + 3*t + 22. Let l(c) = 2*c**3 - 5*c**2 - 3*c - 6. What is the tens digit of l(t)?
0
Suppose -4*r + 255 = -9. What is the units digit of ((r/4)/11)/(2/1268)?
1
Let j = 6162 - -9126. What is the thousands digit of j?
5
Let u(x) = -x**2 + x + 1765. Let v be u(0). Suppose -31*m 